*m + 81. What is w(-4)?
-79
Let g(q) = 32*q + 308. What is g(-4)?
180
Let u(w) = 1152*w + 11536. Determine u(-10).
16
Let a(m) = 343*m - 713. Give a(2).
-27
Let x(a) = -a**2 + 83*a + 7795. Determine x(-56).
11
Let r(h) = -3268*h + 22871. Give r(7).
-5
Let x(s) = 2645*s + 21149. What is x(-8)?
-11
Let c(n) = n**3 + 10*n**2 - 5*n - 36. What is c(-12)?
-264
Let z(m) = 29*m - 1509. Determine z(52).
-1
Let x(f) = -2*f**3 + 3*f - 354. Determine x(0).
-354
Let s(f) = -109*f + 531. Determine s(5).
-14
Let a(f) = -5*f**3 + f**2 - 15*f - 14. What is a(-1)?
7
Let t(k) = -2*k**3 + 9*k**2 - 43*k + 191. What is t(6)?
-175
Let a(l) = 11*l**2 + 653*l + 2068. Determine a(-56).
-4
Let u(g) = -101*g + 1512. Determine u(15).
-3
Let u(q) = q**2 + 23*q - 856. Determine u(-45).
134
Let q(u) = 13372*u + 133721. What is q(-10)?
1
Let y(c) = c**3 - 7*c**2 - 20*c + 17. What is y(9)?
-1
Let i(z) = 39*z - 1560. What is i(40)?
0
Let n(k) = 44*k - 10. Calculate n(4).
166
Let b(g) = 3*g**2 + 47*g - 333. What is b(-21)?
3
Let w(b) = -25*b - 1756. Determine w(-70).
-6
Let c(a) = -2*a**3 + 3*a**2 - 14*a - 11. Give c(5).
-256
Let h(w) = -18*w**2 - 341*w - 1364. What is h(-13)?
27
Let u(i) = -i**3 + 8*i**2 + 28*i - 239. Calculate u(6).
1
Let x(i) = 36*i - 874. Determine x(25).
26
Let d(t) = 245*t - 37493. Give d(153).
-8
Let a(h) = h**3 + 102*h**2 + 45*h + 4604. Give a(-102).
14
Let y(p) = -3569*p + 60675. What is y(17)?
2
Let k(a) = -a**3 - 45*a - 143. What is k(-3)?
19
Let t(n) = -8*n**2 - 118*n - 340. Determine t(-4).
4
Let m(j) = -j**3 + 20*j**2 - 31*j + 3. Give m(18).
93
Let j(k) = 2*k**2 + 110*k - 2102. Calculate j(-70).
-2
Let k(g) = -g**3 - 29*g**2 - 31*g - 69. Calculate k(-28).
15
Let z(b) = -35297*b - 282371. Calculate z(-8).
5
Let x(u) = -4*u**2 - 296*u - 283. Calculate x(-73).
9
Let l(t) = 1717*t + 36081. Give l(-21).
24
Let r(k) = -k**3 + 10*k**2 - 42*k + 281. Determine r(9).
-16
Let l(g) = 3099*g - 3098. Calculate l(1).
1
Let j(v) = -v**2 - 73*v - 33. Determine j(-71).
109
Let m(l) = 2*l**3 - 4*l**2 + 3*l - 28. Calculate m(5).
137
Let r(m) = -3*m**3 - 3*m**2 + 14*m - 73. What is r(7)?
-1151
Let y(o) = 10*o**2 - 41*o + 82. Determine y(6).
196
Let x(m) = 13*m - 39. Calculate x(-18).
-273
Let g(q) = -9542*q + 38152. Determine g(4).
-16
Let l(k) = -687*k + 70758. Calculate l(103).
-3
Let v(a) = 2*a**2 + 1741*a + 12084. Determine v(-7).
-5
Let t(j) = -7*j - 248. What is t(-35)?
-3
Let r(s) = -s**3 - 66*s**2 + 67*s + 4. Determine r(-67).
4
Let f(z) = -z**3 + 17*z**2 - 4*z - 4. Calculate f(15).
386
Let b(s) = 13*s + 184. What is b(-22)?
-102
Let y(j) = -25*j - 190. Calculate y(-6).
-40
Let j(q) = 6*q**2 - 630*q - 1876. Determine j(-3).
68
Let b(s) = 2*s**3 + 24*s**2 + 65*s - 33. Determine b(-7).
2
Let c(x) = -x**3 - 179*x**2 + 388*x + 4701. Determine c(-181).
-5
Let a(n) = -n**3 - 24*n**2 - 9*n - 92. Determine a(-23).
-414
Let x(o) = o**2 - 19*o - 32. Determine x(12).
-116
Let s(w) = -w**3 - w**2 - 5*w + 23. Give s(0).
23
Let c(h) = -5*h**2 + 966*h + 2920. Give c(-3).
-23
Let d(z) = 36*z - 10. What is d(-6)?
-226
Let t(n) = 3*n**3 - n**2 - 14*n - 95. What is t(-4)?
-247
Let b(a) = 4*a**2 + 565*a + 3377. What is b(-135)?
2
Let a(n) = -n**3 - 14*n**2 - 42*n - 65. Calculate a(-8).
-113
Let u(k) = -26*k + 850. Determine u(32).
18
Let b(u) = -u**2 - 126*u - 2062. Calculate b(-107).
-29
Let u(g) = -g**3 + 15*g**2 - 64*g + 3. What is u(10)?
-137
Let m(v) = -2*v**2 - 222*v - 1700. What is m(-104)?
-244
Let o(a) = -49*a + 1113. Calculate o(21).
84
Let m(y) = -28*y + 1544. Give m(55).
4
Let j(m) = m**2 - 49*m + 334. What is j(40)?
-26
Let u(x) = -221*x + 1997. Calculate u(9).
8
Let s(t) = 16*t - 65. Determine s(11).
111
Let b(y) = 7*y**2 - 8*y - 2. Determine b(8).
382
Let m(t) = 182*t - 1808. Calculate m(10).
12
Let l(v) = v**2 + v + 124. Determine l(-12).
256
Let v(d) = -3208*d + 16037. What is v(5)?
-3
Let h(o) = 1014*o + 7093. What is h(-7)?
-5
Let t(f) = 122*f**2 - f + 6. Give t(1).
127
Let s(r) = -r**3 + 21*r**2 - 190*r + 3347. Calculate s(20).
-53
Let j(w) = 8*w**2 + 19*w - 89. Give j(-5).
16
Let j(a) = 586*a - 318. What is j(1)?
268
Let d(c) = 7*c**3 - c**2 + 9*c - 9. What is d(1)?
6
Let y(x) = -x**3 + 12*x**2 + 3*x - 63. Determine y(12).
-27
Let i(h) = h**3 - 2*h**2 - 75*h + 75. Calculate i(1).
-1
Let m(p) = 15*p**3 + p**2 - 10*p + 5. Calculate m(2).
109
Let r(c) = -c**3 + 9*c**2 - 53. Calculate r(8).
11
Let q(v) = 392*v + 3137. Give q(-8).
1
Let n(x) = -2*x**2 - 15*x + 5534. Determine n(49).
-3
Let t(j) = -1163*j - 4655. Give t(-4).
-3
Let i(q) = q**3 + 16*q**2 - 51*q - 280. Determine i(5).
-10
Let a(u) = -u**3 - 6*u**2 - 658*u - 3269. Calculate a(-5).
-4
Let d(g) = -g**3 - 42*g**2 + 49*g + 275. Give d(-43).
17
Let s(u) = -8*u + 143. Give s(18).
-1
Let c(q) = -128*q + 29. What is c(0)?
29
Let a(t) = -19*t + 398. Calculate a(22).
-20
Let a(y) = -y**3 + 229*y**2 - 44*y + 63022. What is a(230)?
2
Let x(w) = -w**2 - 52*w + 849. Determine x(-66).
-75
Let o(d) = -d**3 - 10*d**2 + 5*d - 8. Calculate o(-10).
-58
Let c(s) = -s**2 - 95*s - 2049. What is c(-61)?
25
Let f(l) = -2*l**2 - 30*l - 101. Give f(-12).
-29
Let a(k) = 103*k - 1260. Determine a(12).
-24
Let k(y) = -18682*y + 4. Determine k(0).
4
Let w(s) = -31*s**2 + 5244*s - 846. Calculate w(169).
-1
Let z(y) = -3*y**3 - 16*y**2 - 24*y - 88. What is z(-5)?
7
Let t(d) = -3*d**3 + 2*d - 6. Determine t(-2).
14
Let i(s) = -s**3 - 14*s**2 + 5*s + 167. Calculate i(-4).
-13
Let b(p) = -4*p**3 + 24*p**2 - 45*p - 3. What is b(2)?
-29
Let w(u) = 7*u + 67. Calculate w(-7).
18
Let r(v) = 22*v - 27. Determine r(3).
39
Let i(h) = -h**3 + 41*h**2 + 283*h - 40. What is i(47)?
7
Let f(v) = 16*v + 364. Calculate f(-11).
188
Let p(w) = -w**3 - 49*w**2 - 501*w - 149. What is p(-14)?
5
Let u(y) = 2*y**3 + 141*y**2 + 69*y - 65. What is u(-70)?
5
Let w(j) = -4*j**3 + 6*j**2 - 7*j + 14. Calculate w(4).
-174
Let y(a) = -658*a - 3256. Calculate y(-5).
34
Let c(w) = -104*w**2 - 615*w + 43. Calculate c(-6).
-11
Let z(m) = -6*m - 18. Calculate z(-16).
78
Let y(m) = m**3 + 54*m**2 + 148*m - 226. Determine y(-51).
29
Let m(o) = 16*o + 116. Determine m(-7).
4
Let j(w) = 2*w**3 + 19*w**2 - 4*w - 35. Calculate j(-9).
82
Let z(r) = -r**3 - 3*r**2 + 10*r + 10. What is z(-6)?
58
Let p(m) = m**2 + 21*m + 139. Calculate p(-8).
35
Let u(m) = -m**3 + 97*m**2 - 629*m + 1. Determine u(7).
8
Let j(w) = -533*w - 7455. Give j(-14).
7
Let y(f) = -2*f**3 + 9*f**2 + 30*f - 32. Determine y(6).
40
Let t(b) = -9*b**2 - 345*b + 228. Calculate t(-39).
-6
Let o(p) = -47*p - 609. Calculate o(-13).
2
Let s(t) = t**2 - 41*t - 230. Give s(46).
0
Let u(b) = -1155*b + 28879. Give u(25).
4
Let j(u) = -3570*u - 7140. Calculate j(-2).
0
Let d(s) = 36*s + 3. Calculate d(6).
219
Let q(y) = -36*y**3 - 18*y**2 - 14*y - 4. Give q(-1).
28
Let t(m) = -17*m**2 - 48*m + 206. Calculate t(4).
-258
Let d(t) = -2*t**2 - 6*t + 5. Calculate d(-4).
-3
Let o(t) = -t**3 + 59*t**2 - 358*t - 61. What is o(52)?
251
Let m(l) = 250*l**2 + 271*l + 10. Determine m(-1).
-11
Let a(c) = 4*c**2 - 240*c - 8952. Give a(86).
-8
Let w(i) = -132*i + 904. Give w(8).
-152
Let m(k) = -2*k - 110. Calculate m(-16).
-78
Let y(o) = -47*o + 7753. Calculate y(165).
-2
Let h(m) = 7*m + 81. Determine h(-10).
11
Let r(d) = -37*d**2 - 17*d + 34. Determine r(2).
-148
Let q(v) = -4*v**2 + 19*v - 112. Determine q(9).
-265
Let d(j) = 111*j - 670. Determine d(5).
-115
Let t(u) = 18*u - 62. Determine t(-3).
-116
Let r(o) = -811*o + 2437. Determine r(3).
4
Let v(b) = -4*b**3 - 4*b**2 + b - 2. Give v(-4).
186
Let a(x) = 2*x**2 + 118*x + 161. Give a(-57).
-67
Let i(g) = 71*g - 9883. Determine i(139).
-14
Let h(a) = -6*a**2 + 40*a - 281. What is h(10)?
-481
Let l(x) = -36*x + 80. Give l(1).
44
Let c(q) = -3*q**2 - 382*q - 1496. What is c(-4)?
-16
Let p(m) = -374*m + 1048. Give p(2).
300
Let m(u) = u**2 - 85*u - 4026. What is m(-34)?
20
Let i(a) = -7*a**2 - 1357*a - 1156. What is i(-193)?
2
Let c(h) = -33*h**2 - 17*h - 14. Determine c(-1).
-30
Let y(o) = -23*o + 839. Give y(42).
-127
Let z(t) = -2*t**3 - 88*t**2 - 96*t - 443. Give z(-43).
-13
Let q(h) = -720*h + 95044. Determine q(132).
4
Let i(n) = 309*n + 11435. Give i(-37).
2
Let q(m) = -m**3 - 9*m**2 - 2*m - 61. Calculate q(-9).
-43
Let g(z) = -3*z**3 + 62*z**2 + 17*z - 45. Determine g(21